7
What is the remainder when 2838267 is divided by 28?
19
What is the remainder when 1577220 is divided by 46?
18
What is the remainder when 30734882 is divided by 66670?
12
Calculate the remainder when 94916 is divided by 904.
900
What is the remainder when 257348 is divided by 2186?
1586
Calculate the remainder when 28323 is divided by 36.
27
What is the remainder when 321163 is divided by 27?
25
Calculate the remainder when 767678 is divided by 988.
2
What is the remainder when 20503 is divided by 598?
171
Calculate the remainder when 68514 is divided by 2614.
550
What is the remainder when 3087081 is divided by 617248?
841
Calculate the remainder when 47245379 is divided by 801.
797
Calculate the remainder when 393294 is divided by 18726.
48
Calculate the remainder when 4135645 is divided by 4409.
3
Calculate the remainder when 6578027 is divided by 81210.
17
What is the remainder when 11322436 is divided by 202185?
76
What is the remainder when 193713 is divided by 855?
483
What is the remainder when 1591423 is divided by 344?
79
Calculate the remainder when 202589 is divided by 1822.
347
Calculate the remainder when 33084124 is divided by 443.
441
Calculate the remainder when 330485 is divided by 47196.
113
What is the remainder when 17672 is divided by 4899?
2975
Calculate the remainder when 38291 is divided by 37911.
380
What is the remainder when 35627901 is divided by 2095756?
49
What is the remainder when 150810833 is divided by 1135?
1113
Calculate the remainder when 5678572 is divided by 1391.
510
Calculate the remainder when 242516 is divided by 524.
428
Calculate the remainder when 7286425 is divided by 15979.
1
What is the remainder when 12833711 is divided by 40?
31
What is the remainder when 52187 is divided by 915?
32
Calculate the remainder when 33236367 is divided by 1931.
1926
Calculate the remainder when 9438260 is divided by 356.
344
Calculate the remainder when 501120 is divided by 33406.
30
Calculate the remainder when 22097743 is divided by 2209773.
13
Calculate the remainder when 16472873 is divided by 2059104.
41
What is the remainder when 18303 is divided by 8545?
1213
Calculate the remainder when 17188244 is divided by 191.
154
What is the remainder when 2649116 is divided by 731?
703
Calculate the remainder when 89779287 is divided by 26.
13
What is the remainder when 10215287 is divided by 2855?
97
Calculate the remainder when 32605768 is divided by 10868570.
58
Calculate the remainder when 3740926 is divided by 1778.
14
What is the remainder when 40374457 is divided by 35?
32
Calculate the remainder when 1268322 is divided by 4663.
4649
Calculate the remainder when 209744658 is divided by 104872326.
6
Calculate the remainder when 114074 is divided by 114071.
3
What is the remainder when 185957 is divided by 217?
205
Calculate the remainder when 31899653 is divided by 40.
13
Calculate the remainder when 11762238 is divided by 392074.
18
What is the remainder when 16101768 is divided by 118395?
48
Calculate the remainder when 5803822 is divided by 30708.
10
What is the remainder when 177709 is divided by 177653?
56
Calculate the remainder when 30401 is divided by 1937.
1346
Calculate the remainder when 11044786 is divided by 36572.
42
What is the remainder when 34937515 is divided by 7816?
7811
What is the remainder when 3496826 is divided by 517?
355
What is the remainder when 8792179 is divided by 105?
4
Calculate the remainder when 3499096 is divided by 3252.
3196
What is the remainder when 10017054 is divided by 1855?
54
Calculate the remainder when 84790 is divided by 238.
62
What is the remainder when 1252782 is divided by 13?
11
What is the remainder when 51966 is divided by 2098?
1614
Calculate the remainder when 66230 is divided by 8108.
1366
What is the remainder when 7394029 is divided by 235?
224
What is the remainder when 551635 is divided by 134?
91
Calculate the remainder when 3968749 is divided by 2462.
5
What is the remainder when 50859 is divided by 1153?
127
What is the remainder when 5806795 is divided by 2171?
1541
What is the remainder when 584927 is divided by 235?
12
What is the remainder when 1473028 is divided by 70143?
25
What is the remainder when 96461 is divided by 778?
767
Calculate the remainder when 286142372 is divided by 83012.
8
Calculate the remainder when 62772 is divided by 799.
450
Calculate the remainder when 176883 is divided by 283.
8
Calculate the remainder when 291451985 is divided by 7.
6
What is the remainder when 108946 is divided by 2723?
26
What is the remainder when 376689 is divided by 1355?
1354
Calculate the remainder when 2387715 is divided by 13.
5
What is the remainder when 796638 is divided by 8993?
5254
Calculate the remainder when 247410943 is divided by 3412.
3411
What is the remainder when 172524 is divided by 172504?
20
Calculate the remainder when 26967108 is divided by 13.
12
What is the remainder when 136739 is divided by 34110?
299
What is the remainder when 181013 is divided by 36188?
73
What is the remainder when 3129981 is divided by 101?
92
Calculate the remainder when 7022067 is divided by 638365.
52
What is the remainder when 792449 is divided by 14407?
64
Calculate the remainder when 1554786 is divided by 2658.
2514
What is the remainder when 5155969 is divided by 1045?
984
Calculate the remainder when 58467140 is divided by 38.
36
What is the remainder when 81063957 is divided by 1052?
1045
What is the remainder when 18335863 is divided by 1473?
1432
What is the remainder when 18261535 is divided by 92?
87
What is the remainder when 2377139 is divided by 264111?
140
Calculate the remainder when 62769577 is divided by 782.
1
What is the remainder when 20065676 is divided by 68718?
20
What is the remainder when 3072585 is divided by 150?
135
Calculate the remainder when 6229375 is divided by 913.
889
What is the remainder when 17475783 is divided by 961?
959
What is the remainder when 18637339 is divided by 120?
19
What is the remainder when 4270901 is divided by 14?
5
What is the remainder when 23159189 is divided by 25?
14
Calculate the remainder when 239023 is divided by 6128.
31
Calculate the remainder when 39404 is divided by 18903.
1598
What is the remainder when 15416219 is divided by 4713?
4709
What is the remainder when 462810913 is divided by 567?
565
What is the remainder when 295732 is divided by 73823?
440
Calculate the remainder when 121853 is divided by 600.
53
What is the remainder when 63884938 is divided by 7?
5
Calculate the remainder when 54786 is divided by 2651.
1766
Calculate the remainder when 285743901 is divided by 3057.
3054
Calculate the remainder when 114031815 is divided by 57015902.
11
What is the remainder when 3150334 is divided by 3252?
2398
Calculate the remainder when 821062 is divided by 112.
102
Calculate the remainder when 725409485 is divided by 1902.
1901
Calculate the remainder when 5745622 is divided by 7980.
22
What is the remainder when 143755 is divided by 437?
419
Calculate the remainder when 19193 is divided by 4156.
2569
What is the remainder when 3025169 is divided by 168?
161
What is the remainder when 1124304 is divided by 93691?
12
Calculate the remainder when 8572105 is divided by 4757.
4748
What is the remainder when 264613 is divided by 132302?
9
Calculate the remainder when 42280 is divided by 13968.
376
What is the remainder when 203027 is divided by 1692?
1679
What is the remainder when 283252 is divided by 283238?
14
Calculate the remainder when 307359 is divided by 3638.
1767
Calculate the remainder when 651096 is divided by 92902.
782
What is the remainder when 409954 is divided by 748?
50
Calculate the remainder when 54029 is divided by 10488.
1589
Calculate the remainder when 46553949 is divided by 1556.
1541
Calculate the remainder when 1086846 is divided by 3418.
3340
Calculate the remainder when 5787761 is divided by 841.
840
Calculate the remainder when 2675996 is divided by 95567.
120
What is the remainder when 10348779 is divided by 1325?
529
What is the remainder when 1103209 is divided by 47965?
14
What is the remainder when 35376 is divided by 13544?
8288
What is the remainder when 432365 is divided by 236?
13
What is the remainder when 3421079 is divided by 1277?